{"id":2107,"date":"2022-02-22T10:49:35","date_gmt":"2022-02-22T16:49:35","guid":{"rendered":"https:\/\/scorzaicj.org\/?post_type=tribe_events&#038;p=2107"},"modified":"2022-02-22T10:49:35","modified_gmt":"2022-02-22T16:49:35","slug":"foro-perdida-auditiva-reto-actual-en-mexico","status":"publish","type":"tribe_events","link":"https:\/\/scorzaicj.org\/?tribe_events=foro-perdida-auditiva-reto-actual-en-mexico","title":{"rendered":"Foro &#8211; P\u00e9rdida Auditiva: reto actual en M\u00e9xico"},"content":{"rendered":"<p>Hoy a las 11:00 se transmitir\u00e1 en vivo a trav\u00e9s de Facebook un foro sobre la p\u00e9rdida auditiva y el reto que supone en M\u00e9xico.<\/p>\n<p>TAV Marisol Gonz\u00e1lez<\/p>\n<p>Presenta: Jos\u00e9 Cumplido<\/p>\n","protected":false},"excerpt":{"rendered":"<p>Hoy a las 11:00 se transmitir\u00e1 en vivo a trav\u00e9s de Facebook un foro sobre la p\u00e9rdida auditiva y el reto que [&hellip;]<\/p>\n","protected":false},"author":2,"featured_media":0,"template":"","meta":{"_tribe_events_status":"","_tribe_events_status_reason":"","footnotes":""},"tags":[20,31,17,18],"tribe_events_cat":[],"class_list":["post-2107","tribe_events","type-tribe_events","status-publish","hentry","tag-2a-snsa","tag-foro","tag-juntos","tag-semana-nacional-de-la-salud-auditiva"],"_links":{"self":[{"href":"https:\/\/scorzaicj.org\/index.php?rest_route=\/wp\/v2\/tribe_events\/2107","targetHints":{"allow":["GET"]}}],"collection":[{"href":"https:\/\/scorzaicj.org\/index.php?rest_route=\/wp\/v2\/tribe_events"}],"about":[{"href":"https:\/\/scorzaicj.org\/index.php?rest_route=\/wp\/v2\/types\/tribe_events"}],"author":[{"embeddable":true,"href":"https:\/\/scorzaicj.org\/index.php?rest_route=\/wp\/v2\/users\/2"}],"version-history":[{"count":1,"href":"https:\/\/scorzaicj.org\/index.php?rest_route=\/wp\/v2\/tribe_events\/2107\/revisions"}],"predecessor-version":[{"id":2108,"href":"https:\/\/scorzaicj.org\/index.php?rest_route=\/wp\/v2\/tribe_events\/2107\/revisions\/2108"}],"wp:attachment":[{"href":"https:\/\/scorzaicj.org\/index.php?rest_route=%2Fwp%2Fv2%2Fmedia&parent=2107"}],"wp:term":[{"taxonomy":"post_tag","embeddable":true,"href":"https:\/\/scorzaicj.org\/index.php?rest_route=%2Fwp%2Fv2%2Ftags&post=2107"},{"taxonomy":"tribe_events_cat","embeddable":true,"href":"https:\/\/scorzaicj.org\/index.php?rest_route=%2Fwp%2Fv2%2Ftribe_events_cat&post=2107"}],"curies":[{"name":"wp","href":"https:\/\/api.w.org\/{rel}","templated":true}]}}

Foro &#8211; Pérdida Auditiva: reto actual en México

<p>Hoy a las 11:00 se transmitirá en vivo a través de Facebook un foro sobre la pérdida auditiva y el reto que supone en México.</p>
<p>TAV Marisol González</p>
<p>Presenta: José Cumplido</p>

<p>Hoy a las 11:00 se transmitirá en vivo a través de Facebook un foro sobre la pérdida auditiva y el reto que [&hellip;]</p>
