{"id":2020,"date":"2022-02-21T04:41:01","date_gmt":"2022-02-21T10:41:01","guid":{"rendered":"https:\/\/scorzaicj.org\/?post_type=tribe_events&#038;p=2020"},"modified":"2022-02-21T04:41:01","modified_gmt":"2022-02-21T10:41:01","slug":"inauguracion-de-la-2a-semana-nacional-de-la-salud-auditiva","status":"publish","type":"tribe_events","link":"https:\/\/scorzaicj.org\/?tribe_events=inauguracion-de-la-2a-semana-nacional-de-la-salud-auditiva","title":{"rendered":"Inauguraci\u00f3n de la 2a Semana Nacional de la Salud Auditiva"},"content":{"rendered":"<p>La inauguraci\u00f3n del primer d\u00eda de la segunda Semana Nacional de la Salud Auditiva en M\u00e9xico.<\/p>\n<p>La semana va desde el 21 hasta el 25 de febrero de 2022.<\/p>\n<p>A partir de las 10:00, comienza la inauguraci\u00f3n. Se tendr\u00e1n a invitados como Scorza y la Secretar\u00eda de Salud<\/p>\n","protected":false},"excerpt":{"rendered":"<p>La inauguraci\u00f3n del primer d\u00eda de la segunda Semana Nacional de la Salud Auditiva en M\u00e9xico. La semana va desde el 21 [&hellip;]<\/p>\n","protected":false},"author":2,"featured_media":2095,"template":"","meta":{"_tribe_events_status":"","_tribe_events_status_reason":"","footnotes":""},"tags":[20,18],"tribe_events_cat":[],"class_list":["post-2020","tribe_events","type-tribe_events","status-publish","has-post-thumbnail","hentry","tag-2a-snsa","tag-semana-nacional-de-la-salud-auditiva"],"_links":{"self":[{"href":"https:\/\/scorzaicj.org\/index.php?rest_route=\/wp\/v2\/tribe_events\/2020","targetHints":{"allow":["GET"]}}],"collection":[{"href":"https:\/\/scorzaicj.org\/index.php?rest_route=\/wp\/v2\/tribe_events"}],"about":[{"href":"https:\/\/scorzaicj.org\/index.php?rest_route=\/wp\/v2\/types\/tribe_events"}],"author":[{"embeddable":true,"href":"https:\/\/scorzaicj.org\/index.php?rest_route=\/wp\/v2\/users\/2"}],"version-history":[{"count":8,"href":"https:\/\/scorzaicj.org\/index.php?rest_route=\/wp\/v2\/tribe_events\/2020\/revisions"}],"predecessor-version":[{"id":2097,"href":"https:\/\/scorzaicj.org\/index.php?rest_route=\/wp\/v2\/tribe_events\/2020\/revisions\/2097"}],"wp:featuredmedia":[{"embeddable":true,"href":"https:\/\/scorzaicj.org\/index.php?rest_route=\/wp\/v2\/media\/2095"}],"wp:attachment":[{"href":"https:\/\/scorzaicj.org\/index.php?rest_route=%2Fwp%2Fv2%2Fmedia&parent=2020"}],"wp:term":[{"taxonomy":"post_tag","embeddable":true,"href":"https:\/\/scorzaicj.org\/index.php?rest_route=%2Fwp%2Fv2%2Ftags&post=2020"},{"taxonomy":"tribe_events_cat","embeddable":true,"href":"https:\/\/scorzaicj.org\/index.php?rest_route=%2Fwp%2Fv2%2Ftribe_events_cat&post=2020"}],"curies":[{"name":"wp","href":"https:\/\/api.w.org\/{rel}","templated":true}]}}

Inauguración de la 2a Semana Nacional de la Salud Auditiva

<p>La inauguración del primer día de la segunda Semana Nacional de la Salud Auditiva en México.</p>
<p>La semana va desde el 21 hasta el 25 de febrero de 2022.</p>
<p>A partir de las 10:00, comienza la inauguración. Se tendrán a invitados como Scorza y la Secretaría de Salud</p>

<p>La inauguración del primer día de la segunda Semana Nacional de la Salud Auditiva en México. La semana va desde el 21 [&hellip;]</p>
